f g?
1
Suppose -2*g + 58 = -30. What is the tens digit of g?
4
Suppose -5*r - 14 + 4 = 0. Let k(t) = -3*t - 7. Let j(q) = q + 1. Let i(c) = r*j(c) - k(c). What is the units digit of i(0)?
5
Let c(l) = -2*l**3 - 3*l**2 + l + 4. Let k be c(-2). Suppose -2*u + 3*n = u + 9, 0 = 2*u + 4*n - 6. What is the tens digit of (-14 + k)*(-1 + u)?
1
Let b(c) = 8*c**3 + 6*c**2 - 2*c + 11. Let j(s) = 7*s**3 + 6*s**2 - 3*s + 10. Let r(d) = -6*b(d) + 7*j(d). What is the units digit of r(-7)?
8
Suppose 370 = 4*b + 34. What is the units digit of b?
4
Let u = 15 + -14. What is the units digit of (-1 - -33)/(2/u)?
6
Suppose -111 = -5*u + 99. What is the units digit of u?
2
Suppose 3*a - 2*t = 149, 144 = 4*a - t - 48. What is the tens digit of 6/(-4) + a/2?
2
Let k(z) = -14*z - 53. What is the units digit of k(-15)?
7
Let s = 32 - -19. What is the units digit of s?
1
Let l = 10 - 6. Suppose 62 = l*z - 66. What is the tens digit of z?
3
Let i be 4/(2/(0 - -2)). Suppose -4 = 4*p - i*a, 3*a = -2*p + 1 + 2. Suppose 2*x + c - 35 = -0*c, x - c - 13 = p. What is the units digit of x?
6
Let l = -5 - -8. Suppose 0 = 4*f + l*d - 45, -3*f - d = 1 - 41. What is the units digit of f?
5
Let z(t) = -2*t - 4. Let r be z(-5). Suppose -2*l + r = 46. Let p = 31 + l. What is the units digit of p?
1
Suppose 0 = 4*j + 2*i - 270, 3*j - 192 = 2*i - 0*i. What is the tens digit of j?
6
Let f(j) be the third derivative of j**5/60 + 5*j**4/24 - 4*j**3/3 - 3*j**2. Let y be f(-7). What is the units digit of 46/y + (-4)/6?
7
Let w(o) = o**2 + o - 4. Let x = 7 - 0. Suppose 4*m = 3*g - 19, 0*m = -m + 3*g - x. What is the units digit of w(m)?
8
Let i be -2 - (-12)/9*3. Suppose 3*k - 16 = -i*m, -5*k = -0*k. What is the units digit of m?
8
Suppose 5*v - 3 = 2. What is the tens digit of v*-1 - (4 + -24)?
1
Let w(t) = 2*t - 10. What is the units digit of w(8)?
6
Let k be 12/7 + (-2)/(-7). Suppose -u + 24 = k*u. What is the units digit of u?
8
Suppose -q + 6 - 3 = 0. Suppose -5*o + 110 = 2*h - 0*h, 0 = q*h. Let a = o + -14. What is the units digit of a?
8
Let y = -5 + 5. Suppose y*k - 2*k = -40. What is the tens digit of k?
2
Suppose -3*t + 38 + 457 = 0. What is the hundreds digit of t?
1
Let j(f) = 4*f**2 - 13*f + 15. What is the hundreds digit of j(9)?
2
Let b = 3 - 8. Let o = -22 + 35. Let f = b + o. What is the units digit of f?
8
Let m(s) be the first derivative of s**3/3 + s**2/2 - 4*s + 2. Let f be m(-3). Suppose -60 = -f*j - j. What is the units digit of j?
0
Let u(r) = -20*r + 96. What is the hundreds digit of u(-6)?
2
Let v be -1 - -2 - (-8 + 6). Suppose -3*t + 79 + 4 = -5*s, -3*s = -v*t + 93. What is the units digit of t?
6
Let z = 1 + 2. Let n(q) = q**3 + 4*q**2 - 2*q - 9. Let h(f) = -f**3 - 3*f**2 + 2*f + 9. Let g(y) = z*h(y) + 4*n(y). What is the units digit of g(-7)?
5
Let g be 11*-4*1/(-2). Let f = g - 10. What is the units digit of f?
2
Let u(y) = -y**2 - 5*y - 4. Let x be u(-4). Suppose x*k + k - 14 = 0. Suppose -5*m + 5*c = -35, -2*c + 0*c + k = 5*m. What is the units digit of m?
4
Suppose 0*x + 3*s = 2*x - 20, s = 3*x - 16. Suppose -3*h + 62 = 4*r, -x*r + 2*h + h = -50. What is the tens digit of r?
1
Suppose 3*v + 16 = 49. Let g = v + -7. What is the units digit of g/(-10)*(-3 + -2)?
2
Let n = -8 + 12. Suppose -2*x + 100 = 5*j, -n*j + 113 - 26 = 3*x. What is the units digit of j?
8
Let k(i) = 2*i**2 - 17*i + 28. What is the units digit of k(15)?
3
Let i(z) = -27*z**3 + 2*z**2 + 3*z + 3. What is the hundreds digit of i(-2)?
2
Suppose -m = 5*o - 17, 0*o - m - 19 = -4*o. Suppose 0 = o*x + 3*y - 76, -2 = -y + 2. What is the units digit of x?
6
Suppose -d - n = -0*n - 7, d = -3*n + 13. Suppose 2*f = -0*x + 2*x - 10, 0 = x + d*f - 25. Suppose -5*u + 21 = -x. What is the units digit of u?
6
Let m(s) = s**3 + s**2 - 2. Let g be m(0). Let x be 3*g*1/(-2). What is the units digit of 2 + (-1 - (x + -3))?
1
Suppose -4*t + 3 - 27 = 0. Let r(y) = y**3 + 7*y**2 + 7*y + 8. What is the units digit of r(t)?
2
Suppose -4*f = -8 - 68. What is the units digit of f?
9
Let h be (1 + (-4 - 0))*-1. Suppose 5*c - h - 7 = 0. Suppose -2*t + c*q = 0, -3*t - 3*q = q - 21. What is the units digit of t?
3
Suppose m + m - 32 = 0. Suppose c - m = -c. What is the units digit of (-88)/(-14) - c/28?
6
Let b = 16 - -30. Suppose b - 7 = 3*f. What is the tens digit of f?
1
Suppose 3*f + 2*a - 136 = 0, 3*f - 6*f = 4*a - 140. Let w = -17 + f. What is the units digit of w?
7
Suppose 5*g - 2 = -37. Let d(i) = -i - 3. Let c be d(g). What is the units digit of ((-3)/(-5))/(c/60)?
9
Suppose 3*m = 3*f - 99, 9*f = 6*f - 4*m + 99. What is the units digit of f?
3
Let y(x) = x**3 + 8*x**2 - 10*x - 3. Let d(r) = 2*r + 3. Let j be d(3). Suppose -2*h = -3*h - j. What is the units digit of y(h)?
6
Let i be 1/2 + 33/6. Let z(t) = t**3 - 5*t**2 - 6*t + 7. What is the units digit of z(i)?
7
Suppose 21 = 4*l - l. Let z(k) = -k**3 + 6*k**2 + 11*k - 9. What is the units digit of z(l)?
9
Let s(z) = -z + z - 4 + z - 2*z. What is the units digit of s(-7)?
3
Let p = -12 + 30. What is the tens digit of p?
1
Suppose 0*x - x + 4 = 0. What is the tens digit of x/22 + 1833/143?
1
Let r = -3 - 0. Let a = -14 - r. What is the units digit of (-101)/a + 2/(-11)?
9
What is the units digit of (4 - 34/(-6))*3?
9
Let w be (10/4)/((-1)/(-4)). Suppose -s + 0*s + w = 0. What is the units digit of s?
0
Let v(s) = -5*s - 4 + 3 + 3*s**3 - 6*s**2 - 2*s**3. Let q be 14/((-3)/(12/(-8))). What is the units digit of v(q)?
3
Suppose 3*n - i + 3 = 63, -n - 3*i + 10 = 0. Let y = -8 + 10. Suppose 2*v = o - 1, 3*o - n = -y*o - 4*v. What is the units digit of o?
3
Let b(i) = i**3 + 6*i**2 + 4. Let w(h) = -h**2 + 4*h + 6. Suppose 5*g = p + 2*p - 28, -2*p + 16 = -2*g. Let y be w(p). What is the units digit of b(y)?
4
Let k(f) = -2*f**3 - 3*f**2 - 4*f - 2. Let o be k(-2). Let w = o - 10. Suppose 3*j + w - 12 = 0. What is the units digit of j?
4
Suppose 4*l - 20 = -t, 5*t + 0*t = 20. Let g(o) = 5*o - 3*o + 4*o**2 + 2 - o**3 - l. What is the units digit of g(4)?
6
Suppose 0*z = -3*z - 33. Let l(u) = -u**2 - u + 1. Let w(n) = 10*n - 4. Let b(c) = l(c) - w(c). What is the units digit of b(z)?
5
Let u(f) = -13*f**3 + f**2 - 1. Let c be u(1). Let g = -3 - c. Suppose -5 = 5*r - g*r. What is the units digit of r?
1
Let g(a) = -a**3 - 10*a**2 - 11*a - 10. Let d be g(-8). What is the units digit of 18/12*d/(-3)?
5
Let m(h) = -7*h**2 + 5*h**2 - 2*h + 3 + 3*h**2. What is the units digit of m(-3)?
8
Let p = -8 + 19. What is the tens digit of p?
1
Suppose v = 2*t + 3*v - 354, 2*t - v = 363. What is the units digit of t?
0
Suppose 3*d - 8*d = 0. Suppose -93 + d = -3*r. What is the units digit of r?
1
Let m = 78 - -37. What is the hundreds digit of m?
1
Let v be -6 - 2 - (0 + -2). Let t = v - -3. What is the units digit of 1/(-1*t/15)?
5
Suppose -88 = -2*m + 110. What is the units digit of m?
9
Let p(s) = -7*s + 5. Let b be p(-4). Suppose 3*x - 12 = b. What is the units digit of x?
5
Let x(m) = m**3 + 8*m**2 + 7*m + 12. Let w be x(-8). What is the units digit of 2/(-11) + (-52)/w?
1
Let u be 3*(3 - (-1 - -3)). Suppose -5*z + 37 = -63. Suppose 0 = -v + u*v - z. What is the units digit of v?
0
Let n = -118 - -202. What is the tens digit of n?
8
Let c be (-4)/(-6) + 49/21. Let k(f) = 4*f - 1. What is the tens digit of k(c)?
1
Let f(c) = 2*c - 1. Let s(i) = 5*i - 1. Let b(t) = -7*f(t) + 3*s(t). Let z = 5 - 2. What is the units digit of b(z)?
7
Suppose 5*f - 3*a = 43, -4*f + 2*a + 36 = 2. Let z(m) = -m**3 + 8*m**2 + m + 11. What is the tens digit of z(f)?
1
Suppose -4*a + 0*x = 4*x - 16, 0 = 5*a + 3*x - 22. What is the units digit of a?
5
Let q(t) = -t**3 - 9*t**2 - 12*t - 5. What is the tens digit of q(-8)?
2
Suppose 4*q = w + 6 + 19, 3*q + 2*w = 27. Suppose 2*n - 13 - q = 0. What is the tens digit of n?
1
Suppose 3*t - 2*q = t + 292, -2*t + 295 = q. What is the hundreds digit of t?
1
Suppose 4*c - 6 = 3*c. Let o be (9/c)/((-6)/(-112)). Suppose o = 5*w - 57. What is the units digit of w?
7
Let u(a) = a**3 - 3*a**2 + 2*a - 4. Let f be u(3). Let h(l) = 4*l**3 - 3*l**2 + 1. What is the units digit of h(f)?
1
Let m be (6/4)/((-15)/40). Suppose -3*y + w - 31 = 0, 2*w + 3 = 5*w. What is the units digit of (m/y)/((-8)/(-40))?
2
Let z(f) = 2 - 1 + 2*f**3 - 2*f**2 + 4*f**3. Let p be (2 - -1) + 2 - 4. What